) = 3*b**2 + 49*b + 296. What are the prime factors of w(-42)?
2, 5, 353
Let q(c) be the third derivative of c**5/60 - c**4/12 - 3*c**3/2 - 14*c**2. List the prime factors of q(-7).
2, 3
Let a = 6 - 17. Let s be (a/(-3))/(9/81). What are the prime factors of (s - (2 + 1)) + 0?
2, 3, 5
Suppose r = -4, 3*w - 5*r = 2*w - 125. Let k = w + 263. What are the prime factors of k?
2, 59
Let r(z) be the first derivative of 9*z**3 - z**2/2 + z - 7. What are the prime factors of r(-1)?
29
Let n(z) = 4*z**2 + 17*z + 153. List the prime factors of n(-26).
3, 5, 7, 23
Let q(l) = 41*l**3 + 2*l - 1. Let y be q(1). Suppose b = 2*n + 2*b - y, 3*n + 4*b - 73 = 0. What are the prime factors of n?
19
Suppose 0 = 5*l - 733 - 222. Suppose -4*u - 19 = -l. List the prime factors of u.
43
Let g = 27 + -12. Let f be (-5)/2*(-138)/g. Suppose -3*z + v = -f, z + 0 = -2*v + 3. List the prime factors of z.
7
Let b(f) = -156*f - 28. List the prime factors of b(-4).
2, 149
List the prime factors of (24/60)/(3/2730).
2, 7, 13
Let a = -1420 + 2400. What are the prime factors of a?
2, 5, 7
Suppose 15 = 3*j, -4*j - j - 15 = -5*x. Let a(d) = d**2 - 7*d - 8. Let w be a(x). Let t = w - -18. What are the prime factors of t?
2, 3
Suppose 0*x - 4*c - 84 = 4*x, -6 = x - 4*c. What are the prime factors of 4 - (10*x + -5)?
3, 7
Let a(g) = -792*g + 78. List the prime factors of a(-1).
2, 3, 5, 29
Let r(i) = -i**3 - i**2 - i. Let s be r(0). Suppose s*o - 30 = 5*o. List the prime factors of -8*(o/4)/3.
2
List the prime factors of (46/8)/((-2)/8)*-13.
13, 23
Suppose 3*d - 1377 = -3*i, -2*d + i = -5*d + 1377. What are the prime factors of d?
3, 17
Let h = 427 + -250. Suppose 0*a - 3*a + h = 0. List the prime factors of a.
59
What are the prime factors of 1752 + 5/(-25)*-35?
1759
Suppose 9*p - 10*p - 3 = 0. List the prime factors of ((-6)/(-9))/(p/(-54)).
2, 3
Suppose -4*k - n = 87, -4*k + 0*k = -2*n + 90. Let f = 171 + k. What are the prime factors of f?
149
Let z be 4939/(-22) - 2/4. What are the prime factors of (-3)/2*1 + z/(-6)?
2, 3
List the prime factors of (-58 - 4)*(-13)/2 + -3.
2, 5
Suppose 5*d + d = -24. List the prime factors of d - 0 - (-191 + 0 + 3).
2, 23
Let z = -41 - -48. Suppose -z*f + 6*f + 166 = 0. List the prime factors of f.
2, 83
Suppose 3 = 3*s, 2*l - 4*s = 305 + 309. List the prime factors of l.
3, 103
Let f = 3 - 7. List the prime factors of 3/(f/((-8)/(-2))) + 37.
2, 17
Let g = 10 + -12. Let x be -6*(0/(-3) - g). Let a = x + 27. List the prime factors of a.
3, 5
Let z be 3 + -5 + -34 + (-1 - -1). Let g = 48 + z. What are the prime factors of g?
2, 3
Let i = 24 - 21. Suppose 192 = 3*z + 2*q, 0*z = i*z + 5*q - 192. What are the prime factors of z?
2
Suppose t + 1 = -h + 5*t, -2*t + 4 = -4*h. Let k be (1 + 0)*(h - -1). Suppose k = -5*o + 12 + 93. What are the prime factors of o?
3, 7
Let t(z) = -z**3 + 4*z**2 + 5*z - 6. Suppose -2*d - 3*d = -25. Let f be t(d). Let x = f - -26. List the prime factors of x.
2, 5
Suppose 2*j = -j + 63. Let m = j + 0. List the prime factors of m.
3, 7
Let g be ((-2)/(-2) + 3)*-1. Let y = 4 + g. Suppose 5*w - 17 - 63 = y. What are the prime factors of w?
2
Let s(i) = -i. Let g be s(-3). Suppose 4*q = -g*u + 8*u - 915, 0 = -q - 5. What are the prime factors of u?
179
Suppose 9 = -5*c + 2*d + 28, c - 11 = -2*d. Let o = 8 + -5. Suppose b - 3*y - 4 = 0, 0 = -o*b + b - c*y + 19. What are the prime factors of b?
7
Let x(d) = -d**3 + 3*d**2 + 1. Let h be x(2). Suppose 22 - 2 = -h*f. What are the prime factors of f/(-6) + (-278)/(-6)?
47
Suppose -6*n = -1012 - 1628. What are the prime factors of n?
2, 5, 11
Suppose -4*t = -0*t - 128. Suppose -5*v - t = 5*n - 12, 8 = 5*n - 2*v. Let q(k) = k + 46. What are the prime factors of q(n)?
2, 23
Suppose 3*b + 699 = 4*z, 5*b + 2*z + 200 + 965 = 0. Let o = 327 + b. What are the prime factors of o?
2, 47
Let r be 3 - 3/(6/(-80)). Let x = 10 + r. List the prime factors of x.
53
Let r(z) = -6*z**2 - 17*z - 21. Let v(h) = 2*h**2 + 6*h + 7. Let o(l) = -6*r(l) - 17*v(l). List the prime factors of o(-10).
3, 23
Suppose 0 = 3*i - 2*y + 185, 2*i + y + 150 = -3*y. Let x be (11 - -1)/4 - i. Suppose -3*q = -q - x. What are the prime factors of q?
2, 17
Let s(u) = -u**3 - u**2 + u + 4. Let j be s(0). Suppose 4*g - 6*g + 5 = m, -j*m - 19 = -5*g. What are the prime factors of 34 - 2/m - -1?
37
Let z = 1412 - 794. List the prime factors of z.
2, 3, 103
Suppose c - 3 = 2*w, 5*w + 5*c - 5 + 20 = 0. Let j be 1/w*(-4 - 0). What are the prime factors of 39/j*4/2?
3, 13
Let p(l) = -l**3 - 11*l**2 - 11*l - 6. Let d be 10/3*(-9 - -6). Let n be p(d). Suppose -n*r - 30 = -82. List the prime factors of r.
13
Suppose 4*p - 14 = 2. List the prime factors of 6/16*28*p/6.
7
Suppose 1 = 3*q - 7*q - 5*r, 4*q - 5*r = 9. Let c = 127 + -125. What are the prime factors of q*(11 + -1)/c?
5
Suppose 0 = -m + f + 2, -3*f = -12. Suppose 32 - 104 = -m*j. What are the prime factors of j?
2, 3
Let n(b) = -70*b**3 - 11. List the prime factors of n(-2).
3, 61
What are the prime factors of 1*3 + (1293 - (11 + -22))?
1307
Let l(p) = p**3 + 26*p**2 + 18*p - 8. What are the prime factors of l(-20)?
2, 127
Let v = -22 - -25. Suppose -v*t + 156 + 504 = 0. Suppose t = -0*f + 5*f. List the prime factors of f.
2, 11
Let p be -21*2/(-3)*1. Suppose -p = -4*l + 6*l. Let y(o) = o**2 + 4*o - 7. List the prime factors of y(l).
2, 7
List the prime factors of (1 - 148)/(7/(-7)).
3, 7
Let z = 3526 - 1365. List the prime factors of z.
2161
Suppose -g = 4*z - 11, 5*g - g - 78 = z. List the prime factors of g.
19
Let i(u) be the second derivative of u**3 + 7*u**2/2 + 5*u. Let q = -2 - -7. List the prime factors of i(q).
37
List the prime factors of ((0 + -7)/(-14))/((-1)/(-4376)).
2, 547
Let n(v) = 2*v**2 + 26*v - 67. What are the prime factors of n(-28)?
773
Let r = -746 + 1607. List the prime factors of r.
3, 7, 41
Let o = -942 + 1622. What are the prime factors of o?
2, 5, 17
Let y(x) = x**3 + 33*x**2 - 6*x - 88. What are the prime factors of y(-33)?
2, 5, 11
Let r(d) = -d**3 + 49*d**2 - 297*d - 23. List the prime factors of r(40).
11, 227
Let w(k) = k**2 - 2*k + 4. Let r be w(4). Let p(q) = -q**2 + 13*q - 17. Let b be p(r). What are the prime factors of 14 + (2 + b)/3?
13
Let b = 95 + -139. What are the prime factors of (-262)/(-8) + 33/b?
2
Suppose -2870 = -4*c - 90. What are the prime factors of c?
5, 139
Let o(i) = 85*i**2 - 12. What are the prime factors of o(3)?
3, 251
Let y be (1/(3/(-9)))/(-1). Suppose -3*h - z = -13, y*h - 2*h - 2*z = 9. Let m = h - -14. What are the prime factors of m?
19
Suppose -37*f + 36*f = -119. Suppose -2*z = -f + 29. List the prime factors of z.
3, 5
Let u(n) = 2*n + 13*n**2 - 12 - 9 - 13 + 34. Suppose -4*j + r - 6 = 0, -4*r + 5*r = -5*j - 3. List the prime factors of u(j).
11
Suppose -2*g - 62 = 128. Let n = 143 + g. List the prime factors of n.
2, 3
List the prime factors of 5/((-30)/(-927))*2.
3, 103
Let d(c) = -c**2 + 5*c + 11. Let j be d(-8). Let k = j - -129. What are the prime factors of k?
2, 3
List the prime factors of -1*4 - (-12 - 431 - -4).
3, 5, 29
Let l(w) = w**3 - 8*w**2 + 4*w. Let t be l(6). Let i be 46/11 - 18/99. List the prime factors of t/3*i/(-2).
2
Let k be ((-4)/3)/(5/15). Let i = k - -81. List the prime factors of i.
7, 11
Let t(l) = -75*l + 9. Let q be t(-5). Suppose 0 = -g + 7*g - q. What are the prime factors of g?
2
What are the prime factors of (-4058)/16*-2 - 6/(-8)?
2, 127
Let c(o) = -3*o - 2. Let z be c(-2). Let y = -455 - -457. Suppose 3*s + 1 - z = 0, y*s = g - 4. List the prime factors of g.
2, 3
Suppose -5*b + 0 + 80 = 0. Suppose -199 + b = -q + 3*t, -9 = 3*t. List the prime factors of q.
2, 3, 29
Suppose -58 = -3*f - j, 2*f - 48 = 9*j - 5*j. Let m be -5 - 3/((-3)/(-2)). Let g = m + f. What are the prime factors of g?
13
Suppose -s = -3*v + 12, 5*v - 2*v = 3*s + 12. Suppose s = 17*n + n - 3924. List the prime factors of n.
2, 109
Suppose 5*i + 26 - 6 = 5*m, 0 = -5*i - 3*m + 12. Suppose 2*b - 31 - 53 = i. Let c = 65 - b. List the prime factors of c.
23
Suppose -2*r = -2*s - 2, 2*s + 6*r - 18 = 4*r. Suppose 2*k + 19 = 3*z + 4*k, 0 = -s*z + 4*k - 8. List the prime factors of z.
3
What are the prime factors of -7 - (-4)/(20/3815)?
2, 3, 7
Let a(u) = 4*u. Let s be a(1). Let n(g) = -2*g. Let d(y) = -y - 1. Le